{"id":22,"date":"2016-09-16T09:35:08","date_gmt":"2016-09-16T12:35:08","guid":{"rendered":"http:\/\/mimanutencao.com.br\/site\/?page_id=22"},"modified":"2016-10-25T11:52:58","modified_gmt":"2016-10-25T13:52:58","slug":"quem-somos","status":"publish","type":"page","link":"https:\/\/mimanutencao.com.br\/site\/quem-somos\/","title":{"rendered":"Quem Somos"},"content":{"rendered":"<p><strong>MI Manuten\u00e7\u00e3o<\/strong><br \/>\nDesde 1999, o GRUPO M I, atende Empresas de pequeno, m\u00e9dio e grande porte,\u00a0em diversos servi\u00e7os de manuten\u00e7\u00e3o, reformas, projetos, compra e<br \/>\nvenda de pe\u00e7as e equipamentos.<br \/>\nPossui uma equipe de profissionais qualificados com vasta experi\u00eancia,\u00a0tendo refer\u00eancias de grandes e importantes Empresas do Brasil.<br \/>\nA partir de sua funda\u00e7\u00e3o, o GRUPO M I tem conquistado cada vez mais a confian\u00e7a de\u00a0seus Clientes com atendimento e acompanhamento dos seus servi\u00e7os.<br \/>\nPor isso est\u00e1 em constante evolu\u00e7\u00e3o buscando as melhores solu\u00e7\u00f5es para Empresas em geral.<\/p>\n<p>&nbsp;<\/p>\n\n\t\t<style type=\"text\/css\">\n\t\t\t#gallery-1 {\n\t\t\t\tmargin: auto;\n\t\t\t}\n\t\t\t#gallery-1 .gallery-item {\n\t\t\t\tfloat: left;\n\t\t\t\tmargin-top: 10px;\n\t\t\t\ttext-align: center;\n\t\t\t\twidth: 25%;\n\t\t\t}\n\t\t\t#gallery-1 img {\n\t\t\t\tborder: 2px solid #cfcfcf;\n\t\t\t}\n\t\t\t#gallery-1 .gallery-caption {\n\t\t\t\tmargin-left: 0;\n\t\t\t}\n\t\t\t\/* see gallery_shortcode() in wp-includes\/media.php *\/\n\t\t<\/style>\n\t\t<div id='gallery-1' class='gallery galleryid-22 gallery-columns-4 gallery-size-thumbnail'><dl class='gallery-item'>\n\t\t\t<dt class='gallery-icon landscape'>\n\t\t\t\t<a href='https:\/\/mimanutencao.com.br\/site\/ponterolante9\/'><img loading=\"lazy\" decoding=\"async\" width=\"150\" height=\"150\" src=\"https:\/\/mimanutencao.com.br\/site\/wp-content\/uploads\/2016\/09\/ponterolante9-150x150.jpg\" class=\"attachment-thumbnail size-thumbnail\" alt=\"\" \/><\/a>\n\t\t\t<\/dt><\/dl><dl class='gallery-item'>\n\t\t\t<dt class='gallery-icon landscape'>\n\t\t\t\t<a href='https:\/\/mimanutencao.com.br\/site\/ponterolante7\/'><img loading=\"lazy\" decoding=\"async\" width=\"150\" height=\"150\" src=\"https:\/\/mimanutencao.com.br\/site\/wp-content\/uploads\/2016\/09\/ponterolante7-150x150.jpg\" class=\"attachment-thumbnail size-thumbnail\" alt=\"\" \/><\/a>\n\t\t\t<\/dt><\/dl><dl class='gallery-item'>\n\t\t\t<dt class='gallery-icon landscape'>\n\t\t\t\t<a href='https:\/\/mimanutencao.com.br\/site\/ponterolante8\/'><img loading=\"lazy\" decoding=\"async\" width=\"150\" height=\"150\" src=\"https:\/\/mimanutencao.com.br\/site\/wp-content\/uploads\/2016\/09\/ponterolante8-150x150.jpg\" class=\"attachment-thumbnail size-thumbnail\" alt=\"\" \/><\/a>\n\t\t\t<\/dt><\/dl><dl class='gallery-item'>\n\t\t\t<dt class='gallery-icon landscape'>\n\t\t\t\t<a href='https:\/\/mimanutencao.com.br\/site\/ponterolante10\/'><img loading=\"lazy\" decoding=\"async\" width=\"150\" height=\"150\" src=\"https:\/\/mimanutencao.com.br\/site\/wp-content\/uploads\/2016\/09\/ponterolante10-150x150.jpg\" class=\"attachment-thumbnail size-thumbnail\" alt=\"\" \/><\/a>\n\t\t\t<\/dt><\/dl><br style=\"clear: both\" \/>\n\t\t<\/div>\n\n","protected":false},"excerpt":{"rendered":"<p>MI Manuten\u00e7\u00e3o Desde 1999, o GRUPO M I, atende Empresas de pequeno, m\u00e9dio e grande porte,\u00a0em diversos servi\u00e7os de manuten\u00e7\u00e3o, reformas, projetos, compra e venda de pe\u00e7as e equipamentos. Possui uma equipe de profissionais qualificados com vasta experi\u00eancia,\u00a0tendo refer\u00eancias de grandes e importantes Empresas do Brasil. A partir de sua funda\u00e7\u00e3o, o GRUPO M I [&hellip;]<\/p>\n","protected":false},"author":7,"featured_media":0,"parent":0,"menu_order":0,"comment_status":"closed","ping_status":"closed","template":"","meta":{"_acf_changed":false,"footnotes":""},"class_list":["post-22","page","type-page","status-publish","hentry"],"acf":[],"yoast_head":"<!-- This site is optimized with the Yoast SEO plugin v27.3 - https:\/\/yoast.com\/product\/yoast-seo-wordpress\/ -->\n<title>Quem Somos - M.I Manuten\u00e7\u00e3o<\/title>\n<meta name=\"description\" content=\"Atendemos empresas de pequeno, m\u00e9dio e grande porte, em diversos servi\u00e7os de manuten\u00e7\u00e3o, reformas, projetos, compra e venda de pe\u00e7as e equipamentos.\" \/>\n<meta name=\"robots\" content=\"index, follow, max-snippet:-1, max-image-preview:large, max-video-preview:-1\" \/>\n<link rel=\"canonical\" href=\"https:\/\/mimanutencao.com.br\/site\/quem-somos\/\" \/>\n<meta property=\"og:locale\" content=\"pt_BR\" \/>\n<meta property=\"og:type\" content=\"article\" \/>\n<meta property=\"og:title\" content=\"Quem Somos - M.I Manuten\u00e7\u00e3o\" \/>\n<meta property=\"og:description\" content=\"Atendemos empresas de pequeno, m\u00e9dio e grande porte, em diversos servi\u00e7os de manuten\u00e7\u00e3o, reformas, projetos, compra e venda de pe\u00e7as e equipamentos.\" \/>\n<meta property=\"og:url\" content=\"https:\/\/mimanutencao.com.br\/site\/quem-somos\/\" \/>\n<meta property=\"og:site_name\" content=\"M.I Manuten\u00e7\u00e3o\" \/>\n<meta property=\"article:modified_time\" content=\"2016-10-25T13:52:58+00:00\" \/>\n<meta property=\"og:image\" content=\"https:\/\/mimanutencao.com.br\/site\/wp-content\/uploads\/2016\/09\/ponterolante9-150x150.jpg\" \/>\n<meta name=\"twitter:card\" content=\"summary_large_image\" \/>\n<meta name=\"twitter:label1\" content=\"Est. tempo de leitura\" \/>\n\t<meta name=\"twitter:data1\" content=\"1 minuto\" \/>\n<script type=\"application\/ld+json\" class=\"yoast-schema-graph\">{\"@context\":\"https:\\\/\\\/schema.org\",\"@graph\":[{\"@type\":\"WebPage\",\"@id\":\"https:\\\/\\\/mimanutencao.com.br\\\/site\\\/quem-somos\\\/\",\"url\":\"https:\\\/\\\/mimanutencao.com.br\\\/site\\\/quem-somos\\\/\",\"name\":\"Quem Somos - M.I Manuten\u00e7\u00e3o\",\"isPartOf\":{\"@id\":\"https:\\\/\\\/mimanutencao.com.br\\\/site\\\/#website\"},\"datePublished\":\"2016-09-16T12:35:08+00:00\",\"dateModified\":\"2016-10-25T13:52:58+00:00\",\"description\":\"Atendemos empresas de pequeno, m\u00e9dio e grande porte, em diversos servi\u00e7os de manuten\u00e7\u00e3o, reformas, projetos, compra e venda de pe\u00e7as e equipamentos.\",\"breadcrumb\":{\"@id\":\"https:\\\/\\\/mimanutencao.com.br\\\/site\\\/quem-somos\\\/#breadcrumb\"},\"inLanguage\":\"pt-BR\",\"potentialAction\":[{\"@type\":\"ReadAction\",\"target\":[\"https:\\\/\\\/mimanutencao.com.br\\\/site\\\/quem-somos\\\/\"]}]},{\"@type\":\"BreadcrumbList\",\"@id\":\"https:\\\/\\\/mimanutencao.com.br\\\/site\\\/quem-somos\\\/#breadcrumb\",\"itemListElement\":[{\"@type\":\"ListItem\",\"position\":1,\"name\":\"In\u00edcio\",\"item\":\"https:\\\/\\\/mimanutencao.com.br\\\/site\\\/\"},{\"@type\":\"ListItem\",\"position\":2,\"name\":\"Quem Somos\"}]},{\"@type\":\"WebSite\",\"@id\":\"https:\\\/\\\/mimanutencao.com.br\\\/site\\\/#website\",\"url\":\"https:\\\/\\\/mimanutencao.com.br\\\/site\\\/\",\"name\":\"M.I Manuten\u00e7\u00e3o\",\"description\":\"\",\"publisher\":{\"@id\":\"https:\\\/\\\/mimanutencao.com.br\\\/site\\\/#organization\"},\"potentialAction\":[{\"@type\":\"SearchAction\",\"target\":{\"@type\":\"EntryPoint\",\"urlTemplate\":\"https:\\\/\\\/mimanutencao.com.br\\\/site\\\/?s={search_term_string}\"},\"query-input\":{\"@type\":\"PropertyValueSpecification\",\"valueRequired\":true,\"valueName\":\"search_term_string\"}}],\"inLanguage\":\"pt-BR\"},{\"@type\":\"Organization\",\"@id\":\"https:\\\/\\\/mimanutencao.com.br\\\/site\\\/#organization\",\"name\":\"M.I Manuten\u00e7\u00e3o\",\"url\":\"https:\\\/\\\/mimanutencao.com.br\\\/site\\\/\",\"logo\":{\"@type\":\"ImageObject\",\"inLanguage\":\"pt-BR\",\"@id\":\"https:\\\/\\\/mimanutencao.com.br\\\/site\\\/#\\\/schema\\\/logo\\\/image\\\/\",\"url\":\"https:\\\/\\\/mimanutencao.com.br\\\/site\\\/wp-content\\\/uploads\\\/2026\\\/02\\\/milogo.jpg\",\"contentUrl\":\"https:\\\/\\\/mimanutencao.com.br\\\/site\\\/wp-content\\\/uploads\\\/2026\\\/02\\\/milogo.jpg\",\"width\":305,\"height\":59,\"caption\":\"M.I Manuten\u00e7\u00e3o\"},\"image\":{\"@id\":\"https:\\\/\\\/mimanutencao.com.br\\\/site\\\/#\\\/schema\\\/logo\\\/image\\\/\"}}]}<\/script>\n<!-- \/ Yoast SEO plugin. -->","yoast_head_json":{"title":"Quem Somos - M.I Manuten\u00e7\u00e3o","description":"Atendemos empresas de pequeno, m\u00e9dio e grande porte, em diversos servi\u00e7os de manuten\u00e7\u00e3o, reformas, projetos, compra e venda de pe\u00e7as e equipamentos.","robots":{"index":"index","follow":"follow","max-snippet":"max-snippet:-1","max-image-preview":"max-image-preview:large","max-video-preview":"max-video-preview:-1"},"canonical":"https:\/\/mimanutencao.com.br\/site\/quem-somos\/","og_locale":"pt_BR","og_type":"article","og_title":"Quem Somos - M.I Manuten\u00e7\u00e3o","og_description":"Atendemos empresas de pequeno, m\u00e9dio e grande porte, em diversos servi\u00e7os de manuten\u00e7\u00e3o, reformas, projetos, compra e venda de pe\u00e7as e equipamentos.","og_url":"https:\/\/mimanutencao.com.br\/site\/quem-somos\/","og_site_name":"M.I Manuten\u00e7\u00e3o","article_modified_time":"2016-10-25T13:52:58+00:00","og_image":[{"url":"https:\/\/mimanutencao.com.br\/site\/wp-content\/uploads\/2016\/09\/ponterolante9-150x150.jpg","type":"","width":"","height":""}],"twitter_card":"summary_large_image","twitter_misc":{"Est. tempo de leitura":"1 minuto"},"schema":{"@context":"https:\/\/schema.org","@graph":[{"@type":"WebPage","@id":"https:\/\/mimanutencao.com.br\/site\/quem-somos\/","url":"https:\/\/mimanutencao.com.br\/site\/quem-somos\/","name":"Quem Somos - M.I Manuten\u00e7\u00e3o","isPartOf":{"@id":"https:\/\/mimanutencao.com.br\/site\/#website"},"datePublished":"2016-09-16T12:35:08+00:00","dateModified":"2016-10-25T13:52:58+00:00","description":"Atendemos empresas de pequeno, m\u00e9dio e grande porte, em diversos servi\u00e7os de manuten\u00e7\u00e3o, reformas, projetos, compra e venda de pe\u00e7as e equipamentos.","breadcrumb":{"@id":"https:\/\/mimanutencao.com.br\/site\/quem-somos\/#breadcrumb"},"inLanguage":"pt-BR","potentialAction":[{"@type":"ReadAction","target":["https:\/\/mimanutencao.com.br\/site\/quem-somos\/"]}]},{"@type":"BreadcrumbList","@id":"https:\/\/mimanutencao.com.br\/site\/quem-somos\/#breadcrumb","itemListElement":[{"@type":"ListItem","position":1,"name":"In\u00edcio","item":"https:\/\/mimanutencao.com.br\/site\/"},{"@type":"ListItem","position":2,"name":"Quem Somos"}]},{"@type":"WebSite","@id":"https:\/\/mimanutencao.com.br\/site\/#website","url":"https:\/\/mimanutencao.com.br\/site\/","name":"M.I Manuten\u00e7\u00e3o","description":"","publisher":{"@id":"https:\/\/mimanutencao.com.br\/site\/#organization"},"potentialAction":[{"@type":"SearchAction","target":{"@type":"EntryPoint","urlTemplate":"https:\/\/mimanutencao.com.br\/site\/?s={search_term_string}"},"query-input":{"@type":"PropertyValueSpecification","valueRequired":true,"valueName":"search_term_string"}}],"inLanguage":"pt-BR"},{"@type":"Organization","@id":"https:\/\/mimanutencao.com.br\/site\/#organization","name":"M.I Manuten\u00e7\u00e3o","url":"https:\/\/mimanutencao.com.br\/site\/","logo":{"@type":"ImageObject","inLanguage":"pt-BR","@id":"https:\/\/mimanutencao.com.br\/site\/#\/schema\/logo\/image\/","url":"https:\/\/mimanutencao.com.br\/site\/wp-content\/uploads\/2026\/02\/milogo.jpg","contentUrl":"https:\/\/mimanutencao.com.br\/site\/wp-content\/uploads\/2026\/02\/milogo.jpg","width":305,"height":59,"caption":"M.I Manuten\u00e7\u00e3o"},"image":{"@id":"https:\/\/mimanutencao.com.br\/site\/#\/schema\/logo\/image\/"}}]}},"_links":{"self":[{"href":"https:\/\/mimanutencao.com.br\/site\/wp-json\/wp\/v2\/pages\/22","targetHints":{"allow":["GET"]}}],"collection":[{"href":"https:\/\/mimanutencao.com.br\/site\/wp-json\/wp\/v2\/pages"}],"about":[{"href":"https:\/\/mimanutencao.com.br\/site\/wp-json\/wp\/v2\/types\/page"}],"author":[{"embeddable":true,"href":"https:\/\/mimanutencao.com.br\/site\/wp-json\/wp\/v2\/users\/7"}],"replies":[{"embeddable":true,"href":"https:\/\/mimanutencao.com.br\/site\/wp-json\/wp\/v2\/comments?post=22"}],"version-history":[{"count":7,"href":"https:\/\/mimanutencao.com.br\/site\/wp-json\/wp\/v2\/pages\/22\/revisions"}],"predecessor-version":[{"id":29,"href":"https:\/\/mimanutencao.com.br\/site\/wp-json\/wp\/v2\/pages\/22\/revisions\/29"}],"wp:attachment":[{"href":"https:\/\/mimanutencao.com.br\/site\/wp-json\/wp\/v2\/media?parent=22"}],"curies":[{"name":"wp","href":"https:\/\/api.w.org\/{rel}","templated":true}]}}