{"id":69,"date":"2016-09-26T10:34:34","date_gmt":"2016-09-26T13:34:34","guid":{"rendered":"http:\/\/mimanutencao.com.br\/site\/?page_id=69"},"modified":"2016-10-25T11:49:32","modified_gmt":"2016-10-25T13:49:32","slug":"orcamento","status":"publish","type":"page","link":"https:\/\/mimanutencao.com.br\/site\/orcamento\/","title":{"rendered":"Or\u00e7amento"},"content":{"rendered":"<p>Solicite\u00a0aqui\u00a0um <strong>or\u00e7amento<\/strong> sem custo!<\/p>\n\n<div class=\"wpcf7 no-js\" id=\"wpcf7-f67-o1\" lang=\"pt-BR\" dir=\"ltr\" data-wpcf7-id=\"67\">\n<div class=\"screen-reader-response\"><p role=\"status\" aria-live=\"polite\" aria-atomic=\"true\"><\/p> <ul><\/ul><\/div>\n<form action=\"\/site\/wp-json\/wp\/v2\/pages\/69#wpcf7-f67-o1\" method=\"post\" class=\"wpcf7-form init\" aria-label=\"Formul\u00e1rios de contato\" novalidate=\"novalidate\" data-status=\"init\">\n<fieldset class=\"hidden-fields-container\"><input type=\"hidden\" name=\"_wpcf7\" value=\"67\" \/><input type=\"hidden\" name=\"_wpcf7_version\" value=\"6.1.5\" \/><input type=\"hidden\" name=\"_wpcf7_locale\" value=\"pt_BR\" \/><input type=\"hidden\" name=\"_wpcf7_unit_tag\" value=\"wpcf7-f67-o1\" \/><input type=\"hidden\" name=\"_wpcf7_container_post\" value=\"0\" \/><input type=\"hidden\" name=\"_wpcf7_posted_data_hash\" value=\"\" \/><input type=\"hidden\" name=\"_wpcf7_recaptcha_response\" value=\"\" \/>\n<\/fieldset>\n<p>Nome\n<\/p>\n<p><span class=\"wpcf7-form-control-wrap\" data-name=\"nome\"><input size=\"40\" maxlength=\"400\" class=\"wpcf7-form-control wpcf7-text wpcf7-validates-as-required\" aria-required=\"true\" aria-invalid=\"false\" value=\"\" type=\"text\" name=\"nome\" \/><\/span>\n<\/p>\n<p>Telefone (obrigat\u00f3rio)\n<\/p>\n<p><span class=\"wpcf7-form-control-wrap\" data-name=\"tel-287\"><input size=\"40\" maxlength=\"400\" class=\"wpcf7-form-control wpcf7-text wpcf7-validates-as-required\" aria-required=\"true\" aria-invalid=\"false\" value=\"\" type=\"text\" name=\"tel-287\" \/><\/span>\n<\/p>\n<p>E-mail (obrigat\u00f3rio)\n<\/p>\n<p><span class=\"wpcf7-form-control-wrap\" data-name=\"your-email\"><input size=\"40\" maxlength=\"400\" class=\"wpcf7-form-control wpcf7-email wpcf7-validates-as-required wpcf7-text wpcf7-validates-as-email\" aria-required=\"true\" aria-invalid=\"false\" value=\"\" type=\"email\" name=\"your-email\" \/><\/span>\n<\/p>\n<p>Cidade\/Estado\n<\/p>\n<p><span class=\"wpcf7-form-control-wrap\" data-name=\"cid-est\"><input size=\"40\" maxlength=\"400\" class=\"wpcf7-form-control wpcf7-text\" aria-invalid=\"false\" value=\"\" type=\"text\" name=\"cid-est\" \/><\/span>\n<\/p>\n<p>CNPJ \/ CPF\n<\/p>\n<p><span class=\"wpcf7-form-control-wrap\" data-name=\"cnpjcpf\"><input size=\"40\" maxlength=\"400\" class=\"wpcf7-form-control wpcf7-text wpcf7-validates-as-required\" aria-required=\"true\" aria-invalid=\"false\" value=\"\" type=\"text\" name=\"cnpjcpf\" \/><\/span>\n<\/p>\n<p>Observa\u00e7\u00e3o\n<\/p>\n<p><span class=\"wpcf7-form-control-wrap\" data-name=\"your-message\"><textarea cols=\"40\" rows=\"10\" maxlength=\"2000\" class=\"wpcf7-form-control wpcf7-textarea wpcf7-validates-as-required\" aria-required=\"true\" aria-invalid=\"false\" name=\"your-message\"><\/textarea><\/span>\n<\/p>\n<p><input class=\"wpcf7-form-control wpcf7-submit has-spinner\" type=\"submit\" value=\"Enviar\" \/>\n<\/p><div class=\"wpcf7-response-output\" aria-hidden=\"true\"><\/div>\n<\/form>\n<\/div>\n\n","protected":false},"excerpt":{"rendered":"<p>Solicite\u00a0aqui\u00a0um or\u00e7amento sem custo!<\/p>\n","protected":false},"author":7,"featured_media":0,"parent":0,"menu_order":0,"comment_status":"closed","ping_status":"closed","template":"","meta":{"_acf_changed":false,"footnotes":""},"class_list":["post-69","page","type-page","status-publish","hentry"],"acf":[],"yoast_head":"<!-- This site is optimized with the Yoast SEO plugin v27.3 - https:\/\/yoast.com\/product\/yoast-seo-wordpress\/ -->\n<title>Or\u00e7amento - M.I Manuten\u00e7\u00e3o<\/title>\n<meta name=\"description\" content=\"Solicite aqui um or\u00e7amento sem custo, a MI Manuten\u00e7\u00e3o possui uma equipe de profissionais qualificados com vasta experi\u00eancia\" \/>\n<meta name=\"robots\" content=\"index, follow, max-snippet:-1, max-image-preview:large, max-video-preview:-1\" \/>\n<link rel=\"canonical\" href=\"https:\/\/mimanutencao.com.br\/site\/orcamento\/\" \/>\n<meta property=\"og:locale\" content=\"pt_BR\" \/>\n<meta property=\"og:type\" content=\"article\" \/>\n<meta property=\"og:title\" content=\"Or\u00e7amento - M.I Manuten\u00e7\u00e3o\" \/>\n<meta property=\"og:description\" content=\"Solicite aqui um or\u00e7amento sem custo, a MI Manuten\u00e7\u00e3o possui uma equipe de profissionais qualificados com vasta experi\u00eancia\" \/>\n<meta property=\"og:url\" content=\"https:\/\/mimanutencao.com.br\/site\/orcamento\/\" \/>\n<meta property=\"og:site_name\" content=\"M.I Manuten\u00e7\u00e3o\" \/>\n<meta property=\"article:modified_time\" content=\"2016-10-25T13:49:32+00:00\" \/>\n<meta name=\"twitter:card\" content=\"summary_large_image\" \/>\n<script type=\"application\/ld+json\" class=\"yoast-schema-graph\">{\"@context\":\"https:\\\/\\\/schema.org\",\"@graph\":[{\"@type\":\"WebPage\",\"@id\":\"https:\\\/\\\/mimanutencao.com.br\\\/site\\\/orcamento\\\/\",\"url\":\"https:\\\/\\\/mimanutencao.com.br\\\/site\\\/orcamento\\\/\",\"name\":\"Or\u00e7amento - M.I Manuten\u00e7\u00e3o\",\"isPartOf\":{\"@id\":\"https:\\\/\\\/mimanutencao.com.br\\\/site\\\/#website\"},\"datePublished\":\"2016-09-26T13:34:34+00:00\",\"dateModified\":\"2016-10-25T13:49:32+00:00\",\"description\":\"Solicite aqui um or\u00e7amento sem custo, a MI Manuten\u00e7\u00e3o possui uma equipe de profissionais qualificados com vasta experi\u00eancia\",\"breadcrumb\":{\"@id\":\"https:\\\/\\\/mimanutencao.com.br\\\/site\\\/orcamento\\\/#breadcrumb\"},\"inLanguage\":\"pt-BR\",\"potentialAction\":[{\"@type\":\"ReadAction\",\"target\":[\"https:\\\/\\\/mimanutencao.com.br\\\/site\\\/orcamento\\\/\"]}]},{\"@type\":\"BreadcrumbList\",\"@id\":\"https:\\\/\\\/mimanutencao.com.br\\\/site\\\/orcamento\\\/#breadcrumb\",\"itemListElement\":[{\"@type\":\"ListItem\",\"position\":1,\"name\":\"In\u00edcio\",\"item\":\"https:\\\/\\\/mimanutencao.com.br\\\/site\\\/\"},{\"@type\":\"ListItem\",\"position\":2,\"name\":\"Or\u00e7amento\"}]},{\"@type\":\"WebSite\",\"@id\":\"https:\\\/\\\/mimanutencao.com.br\\\/site\\\/#website\",\"url\":\"https:\\\/\\\/mimanutencao.com.br\\\/site\\\/\",\"name\":\"M.I Manuten\u00e7\u00e3o\",\"description\":\"\",\"publisher\":{\"@id\":\"https:\\\/\\\/mimanutencao.com.br\\\/site\\\/#organization\"},\"potentialAction\":[{\"@type\":\"SearchAction\",\"target\":{\"@type\":\"EntryPoint\",\"urlTemplate\":\"https:\\\/\\\/mimanutencao.com.br\\\/site\\\/?s={search_term_string}\"},\"query-input\":{\"@type\":\"PropertyValueSpecification\",\"valueRequired\":true,\"valueName\":\"search_term_string\"}}],\"inLanguage\":\"pt-BR\"},{\"@type\":\"Organization\",\"@id\":\"https:\\\/\\\/mimanutencao.com.br\\\/site\\\/#organization\",\"name\":\"M.I Manuten\u00e7\u00e3o\",\"url\":\"https:\\\/\\\/mimanutencao.com.br\\\/site\\\/\",\"logo\":{\"@type\":\"ImageObject\",\"inLanguage\":\"pt-BR\",\"@id\":\"https:\\\/\\\/mimanutencao.com.br\\\/site\\\/#\\\/schema\\\/logo\\\/image\\\/\",\"url\":\"https:\\\/\\\/mimanutencao.com.br\\\/site\\\/wp-content\\\/uploads\\\/2026\\\/02\\\/milogo.jpg\",\"contentUrl\":\"https:\\\/\\\/mimanutencao.com.br\\\/site\\\/wp-content\\\/uploads\\\/2026\\\/02\\\/milogo.jpg\",\"width\":305,\"height\":59,\"caption\":\"M.I Manuten\u00e7\u00e3o\"},\"image\":{\"@id\":\"https:\\\/\\\/mimanutencao.com.br\\\/site\\\/#\\\/schema\\\/logo\\\/image\\\/\"}}]}<\/script>\n<!-- \/ Yoast SEO plugin. -->","yoast_head_json":{"title":"Or\u00e7amento - M.I Manuten\u00e7\u00e3o","description":"Solicite aqui um or\u00e7amento sem custo, a MI Manuten\u00e7\u00e3o possui uma equipe de profissionais qualificados com vasta experi\u00eancia","robots":{"index":"index","follow":"follow","max-snippet":"max-snippet:-1","max-image-preview":"max-image-preview:large","max-video-preview":"max-video-preview:-1"},"canonical":"https:\/\/mimanutencao.com.br\/site\/orcamento\/","og_locale":"pt_BR","og_type":"article","og_title":"Or\u00e7amento - M.I Manuten\u00e7\u00e3o","og_description":"Solicite aqui um or\u00e7amento sem custo, a MI Manuten\u00e7\u00e3o possui uma equipe de profissionais qualificados com vasta experi\u00eancia","og_url":"https:\/\/mimanutencao.com.br\/site\/orcamento\/","og_site_name":"M.I Manuten\u00e7\u00e3o","article_modified_time":"2016-10-25T13:49:32+00:00","twitter_card":"summary_large_image","schema":{"@context":"https:\/\/schema.org","@graph":[{"@type":"WebPage","@id":"https:\/\/mimanutencao.com.br\/site\/orcamento\/","url":"https:\/\/mimanutencao.com.br\/site\/orcamento\/","name":"Or\u00e7amento - M.I Manuten\u00e7\u00e3o","isPartOf":{"@id":"https:\/\/mimanutencao.com.br\/site\/#website"},"datePublished":"2016-09-26T13:34:34+00:00","dateModified":"2016-10-25T13:49:32+00:00","description":"Solicite aqui um or\u00e7amento sem custo, a MI Manuten\u00e7\u00e3o possui uma equipe de profissionais qualificados com vasta experi\u00eancia","breadcrumb":{"@id":"https:\/\/mimanutencao.com.br\/site\/orcamento\/#breadcrumb"},"inLanguage":"pt-BR","potentialAction":[{"@type":"ReadAction","target":["https:\/\/mimanutencao.com.br\/site\/orcamento\/"]}]},{"@type":"BreadcrumbList","@id":"https:\/\/mimanutencao.com.br\/site\/orcamento\/#breadcrumb","itemListElement":[{"@type":"ListItem","position":1,"name":"In\u00edcio","item":"https:\/\/mimanutencao.com.br\/site\/"},{"@type":"ListItem","position":2,"name":"Or\u00e7amento"}]},{"@type":"WebSite","@id":"https:\/\/mimanutencao.com.br\/site\/#website","url":"https:\/\/mimanutencao.com.br\/site\/","name":"M.I Manuten\u00e7\u00e3o","description":"","publisher":{"@id":"https:\/\/mimanutencao.com.br\/site\/#organization"},"potentialAction":[{"@type":"SearchAction","target":{"@type":"EntryPoint","urlTemplate":"https:\/\/mimanutencao.com.br\/site\/?s={search_term_string}"},"query-input":{"@type":"PropertyValueSpecification","valueRequired":true,"valueName":"search_term_string"}}],"inLanguage":"pt-BR"},{"@type":"Organization","@id":"https:\/\/mimanutencao.com.br\/site\/#organization","name":"M.I Manuten\u00e7\u00e3o","url":"https:\/\/mimanutencao.com.br\/site\/","logo":{"@type":"ImageObject","inLanguage":"pt-BR","@id":"https:\/\/mimanutencao.com.br\/site\/#\/schema\/logo\/image\/","url":"https:\/\/mimanutencao.com.br\/site\/wp-content\/uploads\/2026\/02\/milogo.jpg","contentUrl":"https:\/\/mimanutencao.com.br\/site\/wp-content\/uploads\/2026\/02\/milogo.jpg","width":305,"height":59,"caption":"M.I Manuten\u00e7\u00e3o"},"image":{"@id":"https:\/\/mimanutencao.com.br\/site\/#\/schema\/logo\/image\/"}}]}},"_links":{"self":[{"href":"https:\/\/mimanutencao.com.br\/site\/wp-json\/wp\/v2\/pages\/69","targetHints":{"allow":["GET"]}}],"collection":[{"href":"https:\/\/mimanutencao.com.br\/site\/wp-json\/wp\/v2\/pages"}],"about":[{"href":"https:\/\/mimanutencao.com.br\/site\/wp-json\/wp\/v2\/types\/page"}],"author":[{"embeddable":true,"href":"https:\/\/mimanutencao.com.br\/site\/wp-json\/wp\/v2\/users\/7"}],"replies":[{"embeddable":true,"href":"https:\/\/mimanutencao.com.br\/site\/wp-json\/wp\/v2\/comments?post=69"}],"version-history":[{"count":2,"href":"https:\/\/mimanutencao.com.br\/site\/wp-json\/wp\/v2\/pages\/69\/revisions"}],"predecessor-version":[{"id":145,"href":"https:\/\/mimanutencao.com.br\/site\/wp-json\/wp\/v2\/pages\/69\/revisions\/145"}],"wp:attachment":[{"href":"https:\/\/mimanutencao.com.br\/site\/wp-json\/wp\/v2\/media?parent=69"}],"curies":[{"name":"wp","href":"https:\/\/api.w.org\/{rel}","templated":true}]}}